{"id":451,"date":"2023-12-31T06:31:09","date_gmt":"2023-12-31T06:31:09","guid":{"rendered":"https:\/\/wotechtheme.com\/wp\/wotech\/?page_id=451"},"modified":"2025-08-04T07:18:34","modified_gmt":"2025-08-04T10:18:34","slug":"contacto","status":"publish","type":"page","link":"https:\/\/mialimentos.com.ar\/index.php\/contacto\/","title":{"rendered":"Contacto"},"content":{"rendered":"\t\t<div data-elementor-type=\"wp-page\" data-elementor-id=\"451\" class=\"elementor elementor-451\">\n\t\t\t\t<div class=\"elementor-element elementor-element-be3dc6d e-flex e-con-boxed wpr-particle-no wpr-jarallax-no wpr-parallax-no wpr-sticky-section-no e-con e-parent\" data-id=\"be3dc6d\" data-element_type=\"container\">\n\t\t\t\t\t<div class=\"e-con-inner\">\n\t\t<div class=\"elementor-element elementor-element-befe97a e-con-full e-flex wpr-particle-no wpr-jarallax-no wpr-parallax-no wpr-sticky-section-no e-con e-child\" data-id=\"befe97a\" data-element_type=\"container\">\n\t\t\t\t<div class=\"elementor-element elementor-element-422c4b3 elementor-position-left elementor-view-default elementor-mobile-position-top elementor-vertical-align-top elementor-widget elementor-widget-icon-box\" data-id=\"422c4b3\" data-element_type=\"widget\" data-widget_type=\"icon-box.default\">\n\t\t\t\t<div class=\"elementor-widget-container\">\n\t\t\t\t\t\t\t<div class=\"elementor-icon-box-wrapper\">\n\n\t\t\t\t\t\t<div class=\"elementor-icon-box-icon\">\n\t\t\t\t<a href=\"http:\/\/wa.me\/+5491127828099\" target=\"_blank\" class=\"elementor-icon\" tabindex=\"-1\" aria-label=\"Whatsapp\">\n\t\t\t\t<i aria-hidden=\"true\" class=\"icon icon-whatsapp-1\"><\/i>\t\t\t\t<\/a>\n\t\t\t<\/div>\n\t\t\t\n\t\t\t\t\t\t<div class=\"elementor-icon-box-content\">\n\n\t\t\t\t\t\t\t\t\t<span class=\"elementor-icon-box-title\">\n\t\t\t\t\t\t<a href=\"http:\/\/wa.me\/+5491127828099\" target=\"_blank\" >\n\t\t\t\t\t\t\tWhatsapp\t\t\t\t\t\t<\/a>\n\t\t\t\t\t<\/span>\n\t\t\t\t\n\t\t\t\t\t\t\t\t\t<p class=\"elementor-icon-box-description\">\n\t\t\t\t\t\t+549 11 27828099\t\t\t\t\t<\/p>\n\t\t\t\t\n\t\t\t<\/div>\n\t\t\t\n\t\t<\/div>\n\t\t\t\t\t\t<\/div>\n\t\t\t\t<\/div>\n\t\t\t\t<div class=\"elementor-element elementor-element-1b112f1 elementor-position-left elementor-view-default elementor-mobile-position-top elementor-vertical-align-top elementor-widget elementor-widget-icon-box\" data-id=\"1b112f1\" data-element_type=\"widget\" data-widget_type=\"icon-box.default\">\n\t\t\t\t<div class=\"elementor-widget-container\">\n\t\t\t\t\t\t\t<div class=\"elementor-icon-box-wrapper\">\n\n\t\t\t\t\t\t<div class=\"elementor-icon-box-icon\">\n\t\t\t\t<a href=\"mailto:Info@mialimentos.com.ar\" target=\"_blank\" class=\"elementor-icon\" tabindex=\"-1\" aria-label=\"Email\">\n\t\t\t\t<svg aria-hidden=\"true\" class=\"e-font-icon-svg e-fas-envelope\" viewBox=\"0 0 512 512\" xmlns=\"http:\/\/www.w3.org\/2000\/svg\"><path d=\"M502.3 190.8c3.9-3.1 9.7-.2 9.7 4.7V400c0 26.5-21.5 48-48 48H48c-26.5 0-48-21.5-48-48V195.6c0-5 5.7-7.8 9.7-4.7 22.4 17.4 52.1 39.5 154.1 113.6 21.1 15.4 56.7 47.8 92.2 47.6 35.7.3 72-32.8 92.3-47.6 102-74.1 131.6-96.3 154-113.7zM256 320c23.2.4 56.6-29.2 73.4-41.4 132.7-96.3 142.8-104.7 173.4-128.7 5.8-4.5 9.2-11.5 9.2-18.9v-19c0-26.5-21.5-48-48-48H48C21.5 64 0 85.5 0 112v19c0 7.4 3.4 14.3 9.2 18.9 30.6 23.9 40.7 32.4 173.4 128.7 16.8 12.2 50.2 41.8 73.4 41.4z\"><\/path><\/svg>\t\t\t\t<\/a>\n\t\t\t<\/div>\n\t\t\t\n\t\t\t\t\t\t<div class=\"elementor-icon-box-content\">\n\n\t\t\t\t\t\t\t\t\t<span class=\"elementor-icon-box-title\">\n\t\t\t\t\t\t<a href=\"mailto:Info@mialimentos.com.ar\" target=\"_blank\" >\n\t\t\t\t\t\t\tEmail\t\t\t\t\t\t<\/a>\n\t\t\t\t\t<\/span>\n\t\t\t\t\n\t\t\t\t\t\t\t\t\t<p class=\"elementor-icon-box-description\">\n\t\t\t\t\t\tInfo@mialimentos.com.ar\t\t\t\t\t<\/p>\n\t\t\t\t\n\t\t\t<\/div>\n\t\t\t\n\t\t<\/div>\n\t\t\t\t\t\t<\/div>\n\t\t\t\t<\/div>\n\t\t\t\t<div class=\"elementor-element elementor-element-025a1a1 elementor-position-left elementor-view-default elementor-mobile-position-top elementor-vertical-align-top elementor-widget elementor-widget-icon-box\" data-id=\"025a1a1\" data-element_type=\"widget\" data-widget_type=\"icon-box.default\">\n\t\t\t\t<div class=\"elementor-widget-container\">\n\t\t\t\t\t\t\t<div class=\"elementor-icon-box-wrapper\">\n\n\t\t\t\t\t\t<div class=\"elementor-icon-box-icon\">\n\t\t\t\t<span  class=\"elementor-icon\">\n\t\t\t\t<svg aria-hidden=\"true\" class=\"e-font-icon-svg e-fas-map-marker-alt\" viewBox=\"0 0 384 512\" xmlns=\"http:\/\/www.w3.org\/2000\/svg\"><path d=\"M172.268 501.67C26.97 291.031 0 269.413 0 192 0 85.961 85.961 0 192 0s192 85.961 192 192c0 77.413-26.97 99.031-172.268 309.67-9.535 13.774-29.93 13.773-39.464 0zM192 272c44.183 0 80-35.817 80-80s-35.817-80-80-80-80 35.817-80 80 35.817 80 80 80z\"><\/path><\/svg>\t\t\t\t<\/span>\n\t\t\t<\/div>\n\t\t\t\n\t\t\t\t\t\t<div class=\"elementor-icon-box-content\">\n\n\t\t\t\t\t\t\t\t\t<span class=\"elementor-icon-box-title\">\n\t\t\t\t\t\t<span  >\n\t\t\t\t\t\t\tUbicaci\u00f3n\t\t\t\t\t\t<\/span>\n\t\t\t\t\t<\/span>\n\t\t\t\t\n\t\t\t\t\t\t\t\t\t<p class=\"elementor-icon-box-description\">\n\t\t\t\t\t\tBuenos Aires <br>\nArgentina\t\t\t\t\t<\/p>\n\t\t\t\t\n\t\t\t<\/div>\n\t\t\t\n\t\t<\/div>\n\t\t\t\t\t\t<\/div>\n\t\t\t\t<\/div>\n\t\t\t\t<\/div>\n\t\t<div class=\"elementor-element elementor-element-00f2700 e-con-full e-flex wpr-particle-no wpr-jarallax-no wpr-parallax-no wpr-sticky-section-no e-con e-child\" data-id=\"00f2700\" data-element_type=\"container\">\n\t\t\t\t<div class=\"elementor-element elementor-element-01c1c5f elementor-widget elementor-widget-contact_form\" data-id=\"01c1c5f\" data-element_type=\"widget\" data-widget_type=\"contact_form.default\">\n\t\t\t\t<div class=\"elementor-widget-container\">\n\t\t\t\t\t\r\n\r\n\t <script>\r\n jQuery(document).ready(function($) {\r\n\r\n\/\/write js code under this line \r\n\r\n\r\n\r\n\/\/write code above the line \r\n\r\n  });\r\n<\/script>\r\n <div class=\"contact-page-form-area\">\r\n\t<div class=\"title-box mb-40 wow fadeInLeft\" data-wow-delay=\".5s\">\r\n\t\t\t\t<span class=\"section-sub-title\">HABLEMOS<\/span>\r\n\t\t<h3 class=\"section-title mt-10\">Pong\u00e1monos en contacto<\/h3>\r\n\t\t\t<\/div>\r\n\t<div class=\"contact-page-form\">\r\n\t\t\n<div class=\"wpcf7 no-js\" id=\"wpcf7-f1009-o1\" lang=\"en-US\" dir=\"ltr\" data-wpcf7-id=\"1009\">\n<div class=\"screen-reader-response\"><p role=\"status\" aria-live=\"polite\" aria-atomic=\"true\"><\/p> <ul><\/ul><\/div>\n<form action=\"\/index.php\/wp-json\/wp\/v2\/pages\/451#wpcf7-f1009-o1\" method=\"post\" class=\"wpcf7-form init\" aria-label=\"Contact form\" novalidate=\"novalidate\" data-status=\"init\">\n<fieldset class=\"hidden-fields-container\"><input type=\"hidden\" name=\"_wpcf7\" value=\"1009\" \/><input type=\"hidden\" name=\"_wpcf7_version\" value=\"6.1\" \/><input type=\"hidden\" name=\"_wpcf7_locale\" value=\"en_US\" \/><input type=\"hidden\" name=\"_wpcf7_unit_tag\" value=\"wpcf7-f1009-o1\" \/><input type=\"hidden\" name=\"_wpcf7_container_post\" value=\"0\" \/><input type=\"hidden\" name=\"_wpcf7_posted_data_hash\" value=\"\" \/>\n<\/fieldset>\n<div class=\"row\">\n\t<div class=\"col-lg-6\">\n\t\t<p><label>Nombre y Apellido*<\/label><span class=\"wpcf7-form-control-wrap\" data-name=\"text-933\"><input size=\"40\" maxlength=\"400\" class=\"wpcf7-form-control wpcf7-text wpcf7-validates-as-required\" aria-required=\"true\" aria-invalid=\"false\" placeholder=\"Nombre y Apellido*\" value=\"\" type=\"text\" name=\"text-933\" \/><\/span>\n\t\t<\/p>\n\t<\/div>\n\t<div class=\"col-lg-6\">\n\t\t<p><label>Email*<\/label><span class=\"wpcf7-form-control-wrap\" data-name=\"email-368\"><input size=\"40\" maxlength=\"400\" class=\"wpcf7-form-control wpcf7-email wpcf7-validates-as-required wpcf7-text wpcf7-validates-as-email\" aria-required=\"true\" aria-invalid=\"false\" placeholder=\"Email*\" value=\"\" type=\"email\" name=\"email-368\" \/><\/span>\n\t\t<\/p>\n\t<\/div>\n\t<div class=\"col-lg-6\">\n\t\t<p><label>Telefono*<\/label><span class=\"wpcf7-form-control-wrap\" data-name=\"tel-811\"><input size=\"40\" maxlength=\"400\" class=\"wpcf7-form-control wpcf7-tel wpcf7-validates-as-required wpcf7-text wpcf7-validates-as-tel\" aria-required=\"true\" aria-invalid=\"false\" placeholder=\"Telefono*\" value=\"\" type=\"tel\" name=\"tel-811\" \/><\/span>\n\t\t<\/p>\n\t<\/div>\n\t<div class=\"col-lg-6\">\n\t\t<p><label>Empresa*<\/label><span class=\"wpcf7-form-control-wrap\" data-name=\"text-440\"><input size=\"40\" maxlength=\"400\" class=\"wpcf7-form-control wpcf7-text wpcf7-validates-as-required\" aria-required=\"true\" aria-invalid=\"false\" placeholder=\"Empresa*\" value=\"\" type=\"text\" name=\"text-440\" \/><\/span>\n\t\t<\/p>\n\t<\/div>\n\t<div class=\"col-lg-6\">\n\t\t<p><label for=\"como-nos-conociste\">\u00bfC\u00f3mo nos conociste?*<\/label><br \/>\n<span class=\"wpcf7-form-control-wrap\" data-name=\"como-nos-conociste\"><select class=\"wpcf7-form-control wpcf7-select wpcf7-validates-as-required input-full-width\" id=\"como-nos-conociste\" aria-required=\"true\" aria-invalid=\"false\" name=\"como-nos-conociste\"><option value=\"Seleccione...\">Seleccione...<\/option><option value=\"Por recomendaci\u00f3n\">Por recomendaci\u00f3n<\/option><option value=\"P\u00e1gina web\">P\u00e1gina web<\/option><option value=\"LinkedIn\">LinkedIn<\/option><option value=\"Instagram\">Instagram<\/option><\/select><\/span>\n\t\t<\/p>\n\t<\/div>\n\t<div class=\"col-lg-6\">\n\t\t<p><label>\u00bfRecomend\u00f3 alguien?<\/label><span class=\"wpcf7-form-control-wrap\" data-name=\"text-440\"><input size=\"40\" maxlength=\"400\" class=\"wpcf7-form-control wpcf7-text wpcf7-validates-as-required\" aria-required=\"true\" aria-invalid=\"false\" placeholder=\"Recomendado por...\" value=\"\" type=\"text\" name=\"text-440\" \/><\/span>\n\t\t<\/p>\n\t<\/div>\n\t<div class=\"col-lg-12\">\n\t\t<p><label>Mensaje*<\/label><span class=\"wpcf7-form-control-wrap\" data-name=\"textarea-776\"><textarea cols=\"40\" rows=\"10\" maxlength=\"2000\" class=\"wpcf7-form-control wpcf7-textarea wpcf7-validates-as-required\" aria-required=\"true\" aria-invalid=\"false\" placeholder=\"Escribe tu mensaje\" name=\"textarea-776\"><\/textarea><\/span>\n\t\t<\/p>\n\t<\/div>\n\t<div class=\"col-lg-12\">\n\t\t<p><button  type=\"submit\" class=\"primary-btn-1 btn-hover\">Enviar Ahora &nbsp; | <i class=\"icon-right-arrow\"><\/i><span style=\"top: 147.172px; left: 108.5px;\"><\/span><\/button>\n\t\t<\/p>\n\t<\/div>\n<\/div><div class=\"wpcf7-response-output\" aria-hidden=\"true\"><\/div>\n<\/form>\n<\/div>\n\t<\/div>\r\n<\/div>\r\n\r\n\r\n\r\n\r\n             \r\n\t\t\t\t\t\t<\/div>\n\t\t\t\t<\/div>\n\t\t\t\t<\/div>\n\t\t\t\t\t<\/div>\n\t\t\t\t<\/div>\n\t\t\t\t<\/div>\n\t\t","protected":false},"excerpt":{"rendered":"<p>Whatsapp +549 11 27828099 Email Info@mialimentos.com.ar Ubicaci\u00f3n Buenos Aires Argentina HABLEMOS Pong\u00e1monos en contacto Nombre y Apellido* Email* Telefono* Asunto* Mensaje* Enviar Ahora \u00a0 |<\/p>\n","protected":false},"author":1,"featured_media":3144,"parent":0,"menu_order":0,"comment_status":"closed","ping_status":"closed","template":"elementor_header_footer","meta":{"footnotes":""},"class_list":["post-451","page","type-page","status-publish","has-post-thumbnail","hentry"],"yoast_head":"<!-- This site is optimized with the Yoast SEO plugin v25.6 - https:\/\/yoast.com\/wordpress\/plugins\/seo\/ -->\n<title>Contacto - Mi Alimentos<\/title>\n<meta name=\"description\" content=\"Contact\u00e1 a MI Alimentos y recib\u00ed asesoramiento t\u00e9cnico y estrat\u00e9gico para tu empresa. Complet\u00e1 el formulario y empez\u00e1 a mejorar tus procesos con soluciones personalizadas.\" \/>\n<meta name=\"robots\" content=\"index, follow, max-snippet:-1, max-image-preview:large, max-video-preview:-1\" \/>\n<link rel=\"canonical\" href=\"https:\/\/mialimentos.com.ar\/index.php\/contacto\/\" \/>\n<meta property=\"og:locale\" content=\"es_ES\" \/>\n<meta property=\"og:type\" content=\"article\" \/>\n<meta property=\"og:title\" content=\"Contacto - Mi Alimentos\" \/>\n<meta property=\"og:description\" content=\"Contact\u00e1 a MI Alimentos y recib\u00ed asesoramiento t\u00e9cnico y estrat\u00e9gico para tu empresa. Complet\u00e1 el formulario y empez\u00e1 a mejorar tus procesos con soluciones personalizadas.\" \/>\n<meta property=\"og:url\" content=\"https:\/\/mialimentos.com.ar\/index.php\/contacto\/\" \/>\n<meta property=\"og:site_name\" content=\"Mi Alimentos\" \/>\n<meta property=\"article:modified_time\" content=\"2025-08-04T10:18:34+00:00\" \/>\n<meta property=\"og:image\" content=\"https:\/\/mialimentos.com.ar\/wp-content\/uploads\/2025\/08\/Mi-Alimentos.png\" \/>\n\t<meta property=\"og:image:width\" content=\"834\" \/>\n\t<meta property=\"og:image:height\" content=\"834\" \/>\n\t<meta property=\"og:image:type\" content=\"image\/png\" \/>\n<meta name=\"twitter:card\" content=\"summary_large_image\" \/>\n<meta name=\"twitter:label1\" content=\"Tiempo de lectura\" \/>\n\t<meta name=\"twitter:data1\" content=\"1 minuto\" \/>\n<script type=\"application\/ld+json\" class=\"yoast-schema-graph\">{\"@context\":\"https:\/\/schema.org\",\"@graph\":[{\"@type\":\"WebPage\",\"@id\":\"https:\/\/mialimentos.com.ar\/index.php\/contacto\/\",\"url\":\"https:\/\/mialimentos.com.ar\/index.php\/contacto\/\",\"name\":\"Contacto - Mi Alimentos\",\"isPartOf\":{\"@id\":\"https:\/\/mialimentos.com.ar\/#website\"},\"primaryImageOfPage\":{\"@id\":\"https:\/\/mialimentos.com.ar\/index.php\/contacto\/#primaryimage\"},\"image\":{\"@id\":\"https:\/\/mialimentos.com.ar\/index.php\/contacto\/#primaryimage\"},\"thumbnailUrl\":\"https:\/\/mialimentos.com.ar\/wp-content\/uploads\/2025\/08\/Mi-Alimentos.png\",\"datePublished\":\"2023-12-31T06:31:09+00:00\",\"dateModified\":\"2025-08-04T10:18:34+00:00\",\"description\":\"Contact\u00e1 a MI Alimentos y recib\u00ed asesoramiento t\u00e9cnico y estrat\u00e9gico para tu empresa. Complet\u00e1 el formulario y empez\u00e1 a mejorar tus procesos con soluciones personalizadas.\",\"breadcrumb\":{\"@id\":\"https:\/\/mialimentos.com.ar\/index.php\/contacto\/#breadcrumb\"},\"inLanguage\":\"es-AR\",\"potentialAction\":[{\"@type\":\"ReadAction\",\"target\":[\"https:\/\/mialimentos.com.ar\/index.php\/contacto\/\"]}]},{\"@type\":\"ImageObject\",\"inLanguage\":\"es-AR\",\"@id\":\"https:\/\/mialimentos.com.ar\/index.php\/contacto\/#primaryimage\",\"url\":\"https:\/\/mialimentos.com.ar\/wp-content\/uploads\/2025\/08\/Mi-Alimentos.png\",\"contentUrl\":\"https:\/\/mialimentos.com.ar\/wp-content\/uploads\/2025\/08\/Mi-Alimentos.png\",\"width\":834,\"height\":834},{\"@type\":\"BreadcrumbList\",\"@id\":\"https:\/\/mialimentos.com.ar\/index.php\/contacto\/#breadcrumb\",\"itemListElement\":[{\"@type\":\"ListItem\",\"position\":1,\"name\":\"Inicio\",\"item\":\"https:\/\/mialimentos.com.ar\/\"},{\"@type\":\"ListItem\",\"position\":2,\"name\":\"Contacto\"}]},{\"@type\":\"WebSite\",\"@id\":\"https:\/\/mialimentos.com.ar\/#website\",\"url\":\"https:\/\/mialimentos.com.ar\/\",\"name\":\"Mi Alimentos\",\"description\":\"Consultora Multidisciplinaria e Integral en Alimentos\",\"publisher\":{\"@id\":\"https:\/\/mialimentos.com.ar\/#organization\"},\"potentialAction\":[{\"@type\":\"SearchAction\",\"target\":{\"@type\":\"EntryPoint\",\"urlTemplate\":\"https:\/\/mialimentos.com.ar\/?s={search_term_string}\"},\"query-input\":{\"@type\":\"PropertyValueSpecification\",\"valueRequired\":true,\"valueName\":\"search_term_string\"}}],\"inLanguage\":\"es-AR\"},{\"@type\":\"Organization\",\"@id\":\"https:\/\/mialimentos.com.ar\/#organization\",\"name\":\"Mi Alimentos\",\"url\":\"https:\/\/mialimentos.com.ar\/\",\"logo\":{\"@type\":\"ImageObject\",\"inLanguage\":\"es-AR\",\"@id\":\"https:\/\/mialimentos.com.ar\/#\/schema\/logo\/image\/\",\"url\":\"https:\/\/mialimentos.com.ar\/wp-content\/uploads\/2025\/07\/Logo-Mi-Alimentos.svg\",\"contentUrl\":\"https:\/\/mialimentos.com.ar\/wp-content\/uploads\/2025\/07\/Logo-Mi-Alimentos.svg\",\"width\":544,\"height\":115,\"caption\":\"Mi Alimentos\"},\"image\":{\"@id\":\"https:\/\/mialimentos.com.ar\/#\/schema\/logo\/image\/\"}}]}<\/script>\n<!-- \/ Yoast SEO plugin. -->","yoast_head_json":{"title":"Contacto - Mi Alimentos","description":"Contact\u00e1 a MI Alimentos y recib\u00ed asesoramiento t\u00e9cnico y estrat\u00e9gico para tu empresa. Complet\u00e1 el formulario y empez\u00e1 a mejorar tus procesos con soluciones personalizadas.","robots":{"index":"index","follow":"follow","max-snippet":"max-snippet:-1","max-image-preview":"max-image-preview:large","max-video-preview":"max-video-preview:-1"},"canonical":"https:\/\/mialimentos.com.ar\/index.php\/contacto\/","og_locale":"es_ES","og_type":"article","og_title":"Contacto - Mi Alimentos","og_description":"Contact\u00e1 a MI Alimentos y recib\u00ed asesoramiento t\u00e9cnico y estrat\u00e9gico para tu empresa. Complet\u00e1 el formulario y empez\u00e1 a mejorar tus procesos con soluciones personalizadas.","og_url":"https:\/\/mialimentos.com.ar\/index.php\/contacto\/","og_site_name":"Mi Alimentos","article_modified_time":"2025-08-04T10:18:34+00:00","og_image":[{"width":834,"height":834,"url":"https:\/\/mialimentos.com.ar\/wp-content\/uploads\/2025\/08\/Mi-Alimentos.png","type":"image\/png"}],"twitter_card":"summary_large_image","twitter_misc":{"Tiempo de lectura":"1 minuto"},"schema":{"@context":"https:\/\/schema.org","@graph":[{"@type":"WebPage","@id":"https:\/\/mialimentos.com.ar\/index.php\/contacto\/","url":"https:\/\/mialimentos.com.ar\/index.php\/contacto\/","name":"Contacto - Mi Alimentos","isPartOf":{"@id":"https:\/\/mialimentos.com.ar\/#website"},"primaryImageOfPage":{"@id":"https:\/\/mialimentos.com.ar\/index.php\/contacto\/#primaryimage"},"image":{"@id":"https:\/\/mialimentos.com.ar\/index.php\/contacto\/#primaryimage"},"thumbnailUrl":"https:\/\/mialimentos.com.ar\/wp-content\/uploads\/2025\/08\/Mi-Alimentos.png","datePublished":"2023-12-31T06:31:09+00:00","dateModified":"2025-08-04T10:18:34+00:00","description":"Contact\u00e1 a MI Alimentos y recib\u00ed asesoramiento t\u00e9cnico y estrat\u00e9gico para tu empresa. Complet\u00e1 el formulario y empez\u00e1 a mejorar tus procesos con soluciones personalizadas.","breadcrumb":{"@id":"https:\/\/mialimentos.com.ar\/index.php\/contacto\/#breadcrumb"},"inLanguage":"es-AR","potentialAction":[{"@type":"ReadAction","target":["https:\/\/mialimentos.com.ar\/index.php\/contacto\/"]}]},{"@type":"ImageObject","inLanguage":"es-AR","@id":"https:\/\/mialimentos.com.ar\/index.php\/contacto\/#primaryimage","url":"https:\/\/mialimentos.com.ar\/wp-content\/uploads\/2025\/08\/Mi-Alimentos.png","contentUrl":"https:\/\/mialimentos.com.ar\/wp-content\/uploads\/2025\/08\/Mi-Alimentos.png","width":834,"height":834},{"@type":"BreadcrumbList","@id":"https:\/\/mialimentos.com.ar\/index.php\/contacto\/#breadcrumb","itemListElement":[{"@type":"ListItem","position":1,"name":"Inicio","item":"https:\/\/mialimentos.com.ar\/"},{"@type":"ListItem","position":2,"name":"Contacto"}]},{"@type":"WebSite","@id":"https:\/\/mialimentos.com.ar\/#website","url":"https:\/\/mialimentos.com.ar\/","name":"Mi Alimentos","description":"Consultora Multidisciplinaria e Integral en Alimentos","publisher":{"@id":"https:\/\/mialimentos.com.ar\/#organization"},"potentialAction":[{"@type":"SearchAction","target":{"@type":"EntryPoint","urlTemplate":"https:\/\/mialimentos.com.ar\/?s={search_term_string}"},"query-input":{"@type":"PropertyValueSpecification","valueRequired":true,"valueName":"search_term_string"}}],"inLanguage":"es-AR"},{"@type":"Organization","@id":"https:\/\/mialimentos.com.ar\/#organization","name":"Mi Alimentos","url":"https:\/\/mialimentos.com.ar\/","logo":{"@type":"ImageObject","inLanguage":"es-AR","@id":"https:\/\/mialimentos.com.ar\/#\/schema\/logo\/image\/","url":"https:\/\/mialimentos.com.ar\/wp-content\/uploads\/2025\/07\/Logo-Mi-Alimentos.svg","contentUrl":"https:\/\/mialimentos.com.ar\/wp-content\/uploads\/2025\/07\/Logo-Mi-Alimentos.svg","width":544,"height":115,"caption":"Mi Alimentos"},"image":{"@id":"https:\/\/mialimentos.com.ar\/#\/schema\/logo\/image\/"}}]}},"_links":{"self":[{"href":"https:\/\/mialimentos.com.ar\/index.php\/wp-json\/wp\/v2\/pages\/451","targetHints":{"allow":["GET"]}}],"collection":[{"href":"https:\/\/mialimentos.com.ar\/index.php\/wp-json\/wp\/v2\/pages"}],"about":[{"href":"https:\/\/mialimentos.com.ar\/index.php\/wp-json\/wp\/v2\/types\/page"}],"author":[{"embeddable":true,"href":"https:\/\/mialimentos.com.ar\/index.php\/wp-json\/wp\/v2\/users\/1"}],"replies":[{"embeddable":true,"href":"https:\/\/mialimentos.com.ar\/index.php\/wp-json\/wp\/v2\/comments?post=451"}],"version-history":[{"count":17,"href":"https:\/\/mialimentos.com.ar\/index.php\/wp-json\/wp\/v2\/pages\/451\/revisions"}],"predecessor-version":[{"id":3146,"href":"https:\/\/mialimentos.com.ar\/index.php\/wp-json\/wp\/v2\/pages\/451\/revisions\/3146"}],"wp:featuredmedia":[{"embeddable":true,"href":"https:\/\/mialimentos.com.ar\/index.php\/wp-json\/wp\/v2\/media\/3144"}],"wp:attachment":[{"href":"https:\/\/mialimentos.com.ar\/index.php\/wp-json\/wp\/v2\/media?parent=451"}],"curies":[{"name":"wp","href":"https:\/\/api.w.org\/{rel}","templated":true}]}}